- 466. Calculate the highest common divisor of 518 and h.
14
Suppose -167*k = -141*k - 390. What is the highest common factor of 24 and k?
3
Let j be (-4*(-45)/(-54))/((-4)/18). Let f be ((-72)/j)/((-12)/270). What is the greatest common divisor of f and 60?
12
Let l(o) = -233*o + 1930. Let g be l(8). Calculate the highest common factor of g and 672.
6
Let c(x) = 3*x**2 - 3*x - 2. Let b(f) = -3*f**2 + f. Let u be b(1). Let k be c(u). Let o = -8117 - -8165. Calculate the highest common divisor of o and k.
16
Let y be 10/(8 + (-7)/1). Suppose -11*t = -6*t - 175. What is the highest common divisor of y and t?
5
Let s = -5397 + 5717. Calculate the greatest common factor of 40 and s.
40
Suppose k = 4*i - 13, 2*k - 5*i + 17 = -18. Let a = -20 - k. What is the greatest common divisor of 20 and a?
5
Suppose 2*r = 461*k - 465*k + 92, 0 = -3*k - 15. Calculate the highest common divisor of 448 and r.
56
Let s = 241 + -114. Suppose 0 = -8*t + s + 65. Calculate the highest common divisor of 60 and t.
12
Suppose -3*m = -4*m - 27. Let f = -22 - m. Suppose f*k - 2*j - 640 = 377, 3*j = -2*k + 403. Calculate the greatest common divisor of k and 29.
29
Let t(b) = -b**3 + 28*b**2 - 28*b + 48. Let d be t(27). Suppose -d - 35 = -2*u. Suppose u*p - 26*p = 216. What is the highest common factor of p and 12?
12
Suppose 1606 + 3306 + 1649 = 27*k. What is the highest common divisor of 15 and k?
3
Suppose 80 = 5*s + 2*m - 4*m, -m + 65 = 5*s. Suppose 374 = -5*i - 206. Let o = 228 + i. What is the greatest common factor of o and s?
14
Let u = -31837 + 31895. Calculate the greatest common factor of 6815 and u.
29
Let x(n) = -n**2 + 43*n - 61. Let o be x(9). What is the greatest common factor of o and 35?
35
Suppose p + 123 = -5*t - 901, 820 = -4*t - p. Let i = t - -212. What is the greatest common divisor of i and 6?
2
Let t = 7480 + -7305. Calculate the greatest common factor of 17150 and t.
175
Let u(r) = r**2 - 207*r + 2376. Let d be u(11). What is the greatest common divisor of d and 1386?
22
Let g = 14 - 6. Let a(i) = -2*i - 38. Let b(k) = -10*k - 228. Let d(l) = -34*a(l) + 6*b(l). Let p be d(11). Calculate the highest common divisor of g and p.
4
Let v(f) = -1588*f + 1559. Let g be v(-18). What is the highest common factor of 43 and g?
43
Suppose -6 + 11 = x. Suppose 3*h - 7*h + c + 36 = 0, -x*h = 2*c - 45. Calculate the greatest common factor of 9 and h.
9
Let x = -1439 - -1482. Calculate the highest common factor of 258 and x.
43
Suppose 19*o + 40 = 39*o. Let z = 240 + -38. Suppose -4*u - 261 = g - 653, o*u = g + z. What is the greatest common divisor of u and 18?
9
Suppose 4702*q - 4742*q + 13200 = 0. What is the highest common divisor of 1155 and q?
165
Let p be -4 - 3 - (9/21 - 432/28). Calculate the greatest common divisor of 344 and p.
8
Suppose 0 = 37*v - 30*v + 6230. Let j = v + 901. Suppose -q - 35 - 21 = -y, 4*q = 3*y - 169. Calculate the greatest common factor of y and j.
11
Let j be 8 + (536/10)/((-81)/(-1215)). Calculate the greatest common divisor of 112 and j.
28
Suppose -6*y + 2*y + 756 = 0. Suppose -9*l = -5*l - 12, -2*d = -2*l + 462. Let b = d - -249. Calculate the highest common divisor of b and y.
21
Let t(y) = 10 + 0 + y + 4*y + 23. Let a be t(0). What is the highest common divisor of a and 165?
33
Let p = 1766 - 1761. What is the highest common factor of p and 1115?
5
Let c(r) = 23*r - 243. Let t be c(21). Calculate the highest common factor of 105 and t.
15
Suppose -5*c + 820 + 695 = 0. Let o = c + -142. Let b = o - 105. What is the greatest common divisor of 8 and b?
8
Suppose 0 = -135*g + 129*g - 3534. Let t be (-17732)/g - ((-17)/19 + 1). Let r be (-5)/(2 + 57/(-27)). What is the highest common factor of r and t?
15
Let a = -315 + 430. Let l = a - 72. What is the highest common divisor of l and 559?
43
Suppose 130 = -2*x + 3*x. Let k = 294 - 309. Let u(q) = q**2 + 15*q + 10. Let b be u(k). What is the highest common factor of b and x?
10
Suppose 48*a = 50*a - 6. Suppose -a*p + 5*n = -0*p - 3115, -p - 2*n = -1042. Calculate the highest common factor of 65 and p.
65
Let w = -174 + 170. Let l be 4 + -2 + w/(-2). Calculate the highest common factor of 10 and l.
2
Let q be 15 + (-931)/57 - (-86)/6. Calculate the highest common factor of q and 2171.
13
Let x = -245 + 247. Suppose 4*w - 42 = -3*s, -x*w - 2 = -5*s - 10. What is the highest common factor of 99 and w?
9
Suppose -2*a = -5*g + 43, 2*g - 2*a = 7*g - 47. Let f = 337 - 325. Let d be ((f/3)/24)/((-5)/(-30)). What is the highest common factor of g and d?
1
Let m(o) = -18 + 10*o**2 - 15 - o**2 - o**3. Let i(f) = 2*f**2 - 33*f + 116. Let t be i(12). Let u be m(t). Calculate the greatest common factor of u and 341.
31
Suppose 16758 = -102*n + 120*n. Calculate the greatest common divisor of n and 735.
49
Let c = -85 - -288. Let y be -7 + (-5)/((-35)/c). What is the greatest common factor of 374 and y?
22
Suppose -2*c + 47 = 2*n + 11, -c = -5*n - 54. Calculate the greatest common divisor of c and 2220.
12
Suppose -3*y + 238 = -6*y - 2*z, -y - 77 = 3*z. Let m = 2730 + -2850. Let j = y - m. Calculate the greatest common factor of 30 and j.
10
Let t(y) = -4220*y - 45958. Let v be t(-11). Let b(i) = 11*i**2 + 2*i + 2. Let n be b(-2). What is the highest common factor of v and n?
42
Suppose 5*k + 2*r = 156, -3*k - 10*r + 102 = -6*r. Let o be (-12)/(-8)*(30 + 0). What is the greatest common divisor of o and k?
15
Let i be 4*2 + 198/33. Suppose -2*u + 6*u = -16. Let f(a) = 15*a**2 + 5*a + 4. Let c be f(u). Calculate the greatest common factor of c and i.
14
Suppose 20817 - 61707 = -15*n. Calculate the greatest common factor of 232 and n.
58
Suppose -7*c + 3*c = 3*d - 436, -5*d = 3*c - 712. Calculate the highest common factor of d and 28.
28
Let s(t) = -14*t**2 + 477*t - 82. Let o be s(33). What is the greatest common divisor of o and 7?
7
Let n = 972 + -594. Let w = -262 + n. What is the highest common divisor of w and 145?
29
Let s = 173 - 174. Let g be (-6)/(-3) + 1 - 1. Let z be (s*13/(-2))/(1/g). What is the highest common factor of 91 and z?
13
Let a be (-149)/(((-52)/(-12))/13). Let l = a - -472. What is the highest common factor of 115 and l?
5
Suppose 84*m - 81*m = 15. Suppose m - 149 = 6*k. Let d be 1/((-12)/(-80)*(-5)/k). Calculate the greatest common divisor of 112 and d.
16
Let r = -435 - -630. Let l = 276 - r. What is the greatest common factor of 135 and l?
27
Suppose -1204 = -4*n + 4*h, n + 4*h = -h + 277. Let o(w) = -12*w - 2. Let m be o(-2). Let l = 5 + m. What is the highest common divisor of n and l?
27
Let f(b) = 55*b + 56. Let p(i) = -28*i - 28. Let q(n) = 2*f(n) + 5*p(n). Let c be q(-4). What is the highest common divisor of c and 23?
23
Suppose 5755 = 3*m + g, -1062*m - 4*g - 9569 = -1067*m. What is the highest common divisor of 71 and m?
71
Suppose 5*p + 2705 = 38*p + 989. What is the highest common divisor of 204 and p?
4
Let d = -4531 - -5032. What is the highest common factor of 2 and d?
1
Let h be (-13704)/(-14) + (-9 - (-320)/35). Let l = h - 948. Calculate the greatest common divisor of l and 558.
31
Let d be (2076/8 + 8/1)*4/10. What is the greatest common divisor of d and 2675?
107
Let c be (13/(-3))/(-1) - (-6)/9. Suppose -5*t - c*t + 560 = 0. What is the greatest common divisor of 98 and t?
14
Let s be (-9)/(-9) - ((-613)/5 - (-108)/180). Calculate the greatest common divisor of s and 3526.
41
Suppose 0 = -p - 3 + 8. Suppose 18 = p*j + j. Let s be 1698/42 - j/7. What is the greatest common factor of s and 4?
4
Let x be 385/75 - -3*(-6)/135. Suppose 2*m - 120 = -3*m - x*i, -3*m + 5*i = -48. Calculate the highest common factor of 21 and m.
21
Suppose 600 = 4*g - 4*q, -2*g + 3*q + 295 = -0*q. What is the greatest common divisor of 6 and g?
1
Suppose -7*t + 20 = -15. Let p(a) = a**3 - 5*a**2 + 2*a - 4. Let s be p(t). Calculate the greatest common factor of s and 222.
6
Suppose 0 = -5*a - 5*g + 180, -5*a + 0*a = 4*g - 179. Let h = -26 - -54. Suppose 5*q = 9*q - h. Calculate the greatest common factor of a and q.
7
Let v = -160 + 213. Suppose 0 = 57*r - v*r - 1260. What is the greatest common factor of r and 45?
45
Let h be -4*(-456)/(-384)*-4. Suppose -d - 118 = -3*x + d, -162 = -4*x + 5*d. Let i = x - -38. Calculate the highest common factor of i and h.
19
Suppose 3*j 